{"id":3300,"date":"2018-02-09T13:52:29","date_gmt":"2018-02-09T12:52:29","guid":{"rendered":"https:\/\/horizont.dfvcg-events.de\/deutscher-medienkongress\/?page_id=3300"},"modified":"2019-06-19T12:36:21","modified_gmt":"2019-06-19T12:36:21","slug":"programm-2019-anfrage","status":"publish","type":"page","link":"https:\/\/horizont.dfvcg-events.de\/digital-marketing-days\/programm-2019-anfrage\/","title":{"rendered":"Programm 2019 Anfrage"},"content":{"rendered":"\n<style type=\"text\/css\" data-created_by=\"avia_inline_auto\" id=\"style-css-av-wn8vtw-59c534a31e06673380dc5a78d9d300ec\">\n.avia-section.av-wn8vtw-59c534a31e06673380dc5a78d9d300ec{\nbackground-color:#000000;\nbackground-image:unset;\n}\n<\/style>\n<div id='av_section_1'  class='avia-section av-wn8vtw-59c534a31e06673380dc5a78d9d300ec main_color avia-section-small avia-no-border-styling  avia-builder-el-0  el_before_av_section  avia-builder-el-first  avia-bg-style-scroll av-minimum-height av-minimum-height-25 av-height-25  container_wrap fullsize'   data-av_minimum_height_pc='25' data-av_min_height_opt='25'><div class='container av-section-cont-open' ><main  role=\"main\" itemprop=\"mainContentOfPage\"  class='template-page content  av-content-full alpha units'><div class='post-entry post-entry-type-page post-entry-3300'><div class='entry-content-wrapper clearfix'>\n\n<style type=\"text\/css\" data-created_by=\"avia_inline_auto\" id=\"style-css-av-ju17wcok-a77efc6001d5af0cd2eb6a36dbfb8f92\">\n#top .av-special-heading.av-ju17wcok-a77efc6001d5af0cd2eb6a36dbfb8f92{\npadding-bottom:0;\ncolor:#ffffff;\nfont-size:90px;\n}\nbody .av-special-heading.av-ju17wcok-a77efc6001d5af0cd2eb6a36dbfb8f92 .av-special-heading-tag .heading-char{\nfont-size:25px;\n}\n#top #wrap_all .av-special-heading.av-ju17wcok-a77efc6001d5af0cd2eb6a36dbfb8f92 .av-special-heading-tag{\nfont-size:90px;\n}\n.av-special-heading.av-ju17wcok-a77efc6001d5af0cd2eb6a36dbfb8f92 .special-heading-inner-border{\nborder-color:#ffffff;\n}\n.av-special-heading.av-ju17wcok-a77efc6001d5af0cd2eb6a36dbfb8f92 .av-subheading{\nfont-size:24px;\n}\n\n@media only screen and (min-width: 768px) and (max-width: 989px){ \n#top #wrap_all .av-special-heading.av-ju17wcok-a77efc6001d5af0cd2eb6a36dbfb8f92 .av-special-heading-tag{\nfont-size:56px;\n}\n}\n\n@media only screen and (min-width: 480px) and (max-width: 767px){ \n#top #wrap_all .av-special-heading.av-ju17wcok-a77efc6001d5af0cd2eb6a36dbfb8f92 .av-special-heading-tag{\nfont-size:48px;\n}\n}\n\n@media only screen and (max-width: 479px){ \n#top #wrap_all .av-special-heading.av-ju17wcok-a77efc6001d5af0cd2eb6a36dbfb8f92 .av-special-heading-tag{\nfont-size:31px;\n}\n}\n<\/style>\n<div  class='av-special-heading av-ju17wcok-a77efc6001d5af0cd2eb6a36dbfb8f92 av-special-heading-h1 custom-color-heading blockquote modern-quote  avia-builder-el-1  avia-builder-el-no-sibling  av-inherit-size'><h1 class='av-special-heading-tag '  itemprop=\"headline\"  >Programm<\/h1><div class='av_custom_color av-subheading av-subheading_below'><p>Digital Marketing Days 2019<\/p>\n<\/div><div class=\"special-heading-border\"><div class=\"special-heading-inner-border\"><\/div><\/div><\/div>\n\n<\/div><\/div><\/main><!-- close content main element --><\/div><\/div><div id='av_section_2'  class='avia-section av-t6u59g-af397adb8582bfdf88e017c78d644870 main_color avia-section-default avia-no-shadow  avia-builder-el-2  el_after_av_section  el_before_av_contact  avia-bg-style-scroll container_wrap fullsize'  ><div class='container av-section-cont-open' ><div class='template-page content  av-content-full alpha units'><div class='post-entry post-entry-type-page post-entry-3300'><div class='entry-content-wrapper clearfix'>\n\n<style type=\"text\/css\" data-created_by=\"avia_inline_auto\" id=\"style-css-av-ju17wgek-7e958eac69d4004b3ce7076d0789cba1\">\n#top .av-special-heading.av-ju17wgek-7e958eac69d4004b3ce7076d0789cba1{\npadding-bottom:35px;\n}\nbody .av-special-heading.av-ju17wgek-7e958eac69d4004b3ce7076d0789cba1 .av-special-heading-tag .heading-char{\nfont-size:25px;\n}\n.av-special-heading.av-ju17wgek-7e958eac69d4004b3ce7076d0789cba1 .av-subheading{\nfont-size:15px;\n}\n\n@media only screen and (min-width: 768px) and (max-width: 989px){ \n#top #wrap_all .av-special-heading.av-ju17wgek-7e958eac69d4004b3ce7076d0789cba1 .av-special-heading-tag{\nfont-size:41px;\n}\n}\n\n@media only screen and (min-width: 480px) and (max-width: 767px){ \n#top #wrap_all .av-special-heading.av-ju17wgek-7e958eac69d4004b3ce7076d0789cba1 .av-special-heading-tag{\nfont-size:36px;\n}\n}\n\n@media only screen and (max-width: 479px){ \n#top #wrap_all .av-special-heading.av-ju17wgek-7e958eac69d4004b3ce7076d0789cba1 .av-special-heading-tag{\nfont-size:29px;\n}\n}\n<\/style>\n<div  class='av-special-heading av-ju17wgek-7e958eac69d4004b3ce7076d0789cba1 av-special-heading-h1 blockquote modern-quote  avia-builder-el-3  el_before_av_textblock  avia-builder-el-first '><h1 class='av-special-heading-tag '  itemprop=\"headline\"  >Digital Marketing Days 2019<\/h1><div class=\"special-heading-border\"><div class=\"special-heading-inner-border\"><\/div><\/div><\/div>\n\n<style type=\"text\/css\" data-created_by=\"avia_inline_auto\" id=\"style-css-av-q3cat0-9a73ed2d5cf5ae42eb9f939c993ec95c\">\n#top .av_textblock_section.av-q3cat0-9a73ed2d5cf5ae42eb9f939c993ec95c .avia_textblock{\nfont-size:19px;\n}\n<\/style>\n<section  class='av_textblock_section av-q3cat0-9a73ed2d5cf5ae42eb9f939c993ec95c '   itemscope=\"itemscope\" itemtype=\"https:\/\/schema.org\/CreativeWork\" ><div class='avia_textblock'  itemprop=\"text\" ><p>Bitte f\u00fcllen Sie das folgende Formular aus. Im Anschluss erhalten Sie eine E-Mail mit dem Download-Link.<\/p>\n<\/div><\/section>\n<\/div><\/div><\/div><!-- close content main div --><\/div><\/div><div id='after_section_2'  class='main_color av_default_container_wrap container_wrap fullsize'  ><div class='container av-section-cont-open' ><div class='template-page content  av-content-full alpha units'><div class='post-entry post-entry-type-page post-entry-3300'><div class='entry-content-wrapper clearfix'>\n<form action=\"https:\/\/horizont.dfvcg-events.de\/digital-marketing-days\/programm-2019-anfrage\/\" method=\"post\" data-fields-with-error=\"Fehler wurden in folgenden Feld(ern) gefunden:\" class=\"avia_ajax_form av-form-labels-visible   avia-builder-el-5  el_after_av_section  el_before_av_textblock  avia-builder-el-first   \" data-avia-form-id=\"1\" data-avia-redirect='' ><h3 class=''>Programm 2019 Download<\/h3><fieldset><p class='  first_form  form_element form_fullwidth' id='element_avia_1_1'><label for=\"avia_1_1\">Anrede <abbr class=\"required\" title=\"ben\u00f6tigt\">*<\/abbr><\/label><select  name=\"avia_1_1\" class=\"select is_empty\" id=\"avia_1_1\"><option   value='Frau'>Frau<\/option><option   value='Herr'>Herr<\/option><\/select><\/p><p class='  first_form  form_element form_fullwidth' id='element_avia_2_1'><label for=\"avia_2_1\">Vorname<\/label> <input name=\"avia_2_1\" class=\"text_input \" type=\"text\" id=\"avia_2_1\" value=\"\" \/><\/p><p class='  first_form  form_element form_fullwidth' id='element_avia_3_1'><label for=\"avia_3_1\">Nachname <abbr class=\"required\" title=\"ben\u00f6tigt\">*<\/abbr><\/label> <input name=\"avia_3_1\" class=\"text_input is_empty\" type=\"text\" id=\"avia_3_1\" value=\"\" \/><\/p><p class='  first_form  form_element form_fullwidth' id='element_avia_4_1'><label for=\"avia_4_1\">Unternehmen <abbr class=\"required\" title=\"ben\u00f6tigt\">*<\/abbr><\/label> <input name=\"avia_4_1\" class=\"text_input is_empty\" type=\"text\" id=\"avia_4_1\" value=\"\" \/><\/p><p class='  first_form  form_element form_fullwidth' id='element_avia_5_1'><label for=\"avia_5_1\">Telefon<\/label> <input name=\"avia_5_1\" class=\"text_input \" type=\"text\" id=\"avia_5_1\" value=\"\" \/><\/p><p class='  first_form  form_element form_fullwidth' id='element_avia_6_1'><label for=\"avia_6_1\">E-Mail <abbr class=\"required\" title=\"ben\u00f6tigt\">*<\/abbr><\/label> <input name=\"avia_6_1\" class=\"text_input is_email\" type=\"text\" id=\"avia_6_1\" value=\"\" \/><\/p><p class='  first_form  form_element form_element_three_fourth' id='element_avia_7_1'><label for=\"avia_7_1\">Stra\u00dfe<\/label> <input name=\"avia_7_1\" class=\"text_input \" type=\"text\" id=\"avia_7_1\" value=\"\" \/><\/p><p class='  form_element form_element_fourth' id='element_avia_8_1'><label for=\"avia_8_1\">Nr.<\/label> <input name=\"avia_8_1\" class=\"text_input \" type=\"text\" id=\"avia_8_1\" value=\"\" \/><\/p><p class='  first_form  form_element form_element_third' id='element_avia_9_1'><label for=\"avia_9_1\">PLZ<\/label> <input name=\"avia_9_1\" class=\"text_input \" type=\"text\" id=\"avia_9_1\" value=\"\" \/><\/p><p class='  form_element form_element_third' id='element_avia_10_1'><label for=\"avia_10_1\">Ort<\/label> <input name=\"avia_10_1\" class=\"text_input \" type=\"text\" id=\"avia_10_1\" value=\"\" \/><\/p><p class='  form_element form_element_third' id='element_avia_11_1'><label for=\"avia_11_1\">Land<\/label> <input name=\"avia_11_1\" class=\"text_input \" type=\"text\" id=\"avia_11_1\" value=\"\" \/><\/p><p class='  first_form  form_element form_fullwidth av-last-visible-form-element' id='element_avia_12_1'><input  name=\"avia_12_1\" class=\"input_checkbox \" type=\"checkbox\" id=\"avia_12_1\" value=\"true\"\/><label class=\"input_checkbox_label\" for=\"avia_12_1\">Ja, bitte informieren Sie mich kostenfrei per E-Mail \u00fcber k\u00fcnftige Veranstaltungen. Diese Einwilligung kann jederzeit mit Wirkung f\u00fcr die Zukunft per E-Mail an <a href=\"m&#97;&#x69;&#x6c;t&#111;&#58;&#x64;&#x61;t&#101;&#110;&#x73;&#x63;h&#117;&#x74;&#x7a;&#x40;d&#102;&#x76;&#x63;g&#46;&#100;&#x65;\">&#x64;a&#x74;&#101;&#x6e;&#115;&#x63;&#x68;u&#x74;&#122;&#x40;&#100;&#x66;&#118;c&#x67;&#46;&#x64;&#101;<\/a> oder per Post an dfv Conference Group GmbH, Mainzer Landstra\u00dfe 251, 60326 Frankfurt am Main, widerrufen werden.<\/label><\/p><p class=\"hidden\"><input type=\"text\" name=\"avia_13_1\" class=\"hidden \" id=\"avia_13_1\" value=\"\" \/><\/p><p class=\"form_element \"><input type=\"hidden\" value=\"1\" name=\"avia_generated_form1\" \/><input type=\"submit\" value=\"Programm anfragen\" class=\"button\"  data-sending-label=\"Sende\"\/><\/p><\/fieldset><\/form><div id=\"ajaxresponse_1\" class=\"ajaxresponse ajaxresponse_1 hidden\"><\/div>\n\n<style type=\"text\/css\" data-created_by=\"avia_inline_auto\" id=\"style-css-av-84myc-6f5446d2b2ec08b254436fd0d6248a73\">\n#top .av_textblock_section.av-84myc-6f5446d2b2ec08b254436fd0d6248a73 .avia_textblock{\nfont-size:19px;\n}\n<\/style>\n<section  class='av_textblock_section av-84myc-6f5446d2b2ec08b254436fd0d6248a73 '   itemscope=\"itemscope\" itemtype=\"https:\/\/schema.org\/CreativeWork\" ><div class='avia_textblock'  itemprop=\"text\" ><p>*) Pflichtfelder<\/p>\n<\/div><\/section>\n","protected":false},"excerpt":{"rendered":"","protected":false},"author":1,"featured_media":0,"parent":0,"menu_order":0,"comment_status":"closed","ping_status":"closed","template":"","meta":{"footnotes":""},"class_list":["post-3300","page","type-page","status-publish","hentry"],"yoast_head":"<!-- This site is optimized with the Yoast SEO plugin v27.4 - https:\/\/yoast.com\/product\/yoast-seo-wordpress\/ -->\n<title>Digital Marketing Days 2019 | Programm<\/title>\n<meta name=\"description\" content=\"Als Teilnehmer der Digital Marketing Days 2019 erwarten Sie spannende Themen aus der Digital-Marketing-Szene. Weiter zum Programm!\" \/>\n<meta name=\"robots\" content=\"index, follow, max-snippet:-1, max-image-preview:large, max-video-preview:-1\" \/>\n<link rel=\"canonical\" href=\"https:\/\/horizont.dfvcg-events.de\/digital-marketing-days\/programm-2019-anfrage\/\" \/>\n<meta property=\"og:locale\" content=\"de_DE\" \/>\n<meta property=\"og:type\" content=\"article\" \/>\n<meta property=\"og:title\" content=\"Deutscher Medienkongress 2018 - Programm\" \/>\n<meta property=\"og:description\" content=\"Als Teilnehmer des Deutschen Medienkongress 2018 erwarten Sie die wichtigsten Themen, Innovationen und Highlights der Branche.\" \/>\n<meta property=\"og:url\" content=\"https:\/\/horizont.dfvcg-events.de\/digital-marketing-days\/programm-2019-anfrage\/\" \/>\n<meta property=\"og:site_name\" content=\"Digital Marketing Days\" \/>\n<meta property=\"article:publisher\" content=\"https:\/\/www.facebook.com\/Horizont\" \/>\n<meta property=\"article:modified_time\" content=\"2019-06-19T12:36:21+00:00\" \/>\n<meta name=\"twitter:card\" content=\"summary_large_image\" \/>\n<meta name=\"twitter:title\" content=\"Deutscher Medienkongress 2018 - Programm\" \/>\n<meta name=\"twitter:description\" content=\"Als Teilnehmer des Deutschen Medienkongress 2018 erwarten Sie die wichtigsten Themen, Innovationen und Highlights der Branche.\" \/>\n<meta name=\"twitter:label1\" content=\"Gesch\u00e4tzte Lesezeit\" \/>\n\t<meta name=\"twitter:data1\" content=\"5\u00a0Minuten\" \/>\n<script type=\"application\/ld+json\" class=\"yoast-schema-graph\">{\"@context\":\"https:\\\/\\\/schema.org\",\"@graph\":[{\"@type\":\"WebPage\",\"@id\":\"https:\\\/\\\/horizont.dfvcg-events.de\\\/digital-marketing-days\\\/programm-2019-anfrage\\\/\",\"url\":\"https:\\\/\\\/horizont.dfvcg-events.de\\\/digital-marketing-days\\\/programm-2019-anfrage\\\/\",\"name\":\"Digital Marketing Days 2019 | Programm\",\"isPartOf\":{\"@id\":\"https:\\\/\\\/horizont.dfvcg-events.de\\\/digital-marketing-days\\\/#website\"},\"datePublished\":\"2018-02-09T12:52:29+00:00\",\"dateModified\":\"2019-06-19T12:36:21+00:00\",\"description\":\"Als Teilnehmer der Digital Marketing Days 2019 erwarten Sie spannende Themen aus der Digital-Marketing-Szene. Weiter zum Programm!\",\"breadcrumb\":{\"@id\":\"https:\\\/\\\/horizont.dfvcg-events.de\\\/digital-marketing-days\\\/programm-2019-anfrage\\\/#breadcrumb\"},\"inLanguage\":\"de\",\"potentialAction\":[{\"@type\":\"ReadAction\",\"target\":[\"https:\\\/\\\/horizont.dfvcg-events.de\\\/digital-marketing-days\\\/programm-2019-anfrage\\\/\"]}]},{\"@type\":\"BreadcrumbList\",\"@id\":\"https:\\\/\\\/horizont.dfvcg-events.de\\\/digital-marketing-days\\\/programm-2019-anfrage\\\/#breadcrumb\",\"itemListElement\":[{\"@type\":\"ListItem\",\"position\":1,\"name\":\"Startseite\",\"item\":\"https:\\\/\\\/horizont.dfvcg-events.de\\\/digital-marketing-days\\\/\"},{\"@type\":\"ListItem\",\"position\":2,\"name\":\"Programm 2019 Anfrage\"}]},{\"@type\":\"WebSite\",\"@id\":\"https:\\\/\\\/horizont.dfvcg-events.de\\\/digital-marketing-days\\\/#website\",\"url\":\"https:\\\/\\\/horizont.dfvcg-events.de\\\/digital-marketing-days\\\/\",\"name\":\"Digital Marketing Days\",\"description\":\"Der j\u00e4hrliche Trend-Check f\u00fcr das Digital Marketing-und Bewegbild-Business\",\"publisher\":{\"@id\":\"https:\\\/\\\/horizont.dfvcg-events.de\\\/digital-marketing-days\\\/#organization\"},\"alternateName\":\"Horizont & dfv Conference Group\",\"potentialAction\":[{\"@type\":\"SearchAction\",\"target\":{\"@type\":\"EntryPoint\",\"urlTemplate\":\"https:\\\/\\\/horizont.dfvcg-events.de\\\/digital-marketing-days\\\/?s={search_term_string}\"},\"query-input\":{\"@type\":\"PropertyValueSpecification\",\"valueRequired\":true,\"valueName\":\"search_term_string\"}}],\"inLanguage\":\"de\"},{\"@type\":\"Organization\",\"@id\":\"https:\\\/\\\/horizont.dfvcg-events.de\\\/digital-marketing-days\\\/#organization\",\"name\":\"Digital Marketing Days\",\"url\":\"https:\\\/\\\/horizont.dfvcg-events.de\\\/digital-marketing-days\\\/\",\"logo\":{\"@type\":\"ImageObject\",\"inLanguage\":\"de\",\"@id\":\"https:\\\/\\\/horizont.dfvcg-events.de\\\/digital-marketing-days\\\/#\\\/schema\\\/logo\\\/image\\\/\",\"url\":\"https:\\\/\\\/horizont.dfvcg-events.de\\\/digital-marketing-days\\\/wp-content\\\/uploads\\\/2023\\\/02\\\/digital-marketing-days-total-video-2023-header.png\",\"contentUrl\":\"https:\\\/\\\/horizont.dfvcg-events.de\\\/digital-marketing-days\\\/wp-content\\\/uploads\\\/2023\\\/02\\\/digital-marketing-days-total-video-2023-header.png\",\"width\":708,\"height\":325,\"caption\":\"Digital Marketing Days\"},\"image\":{\"@id\":\"https:\\\/\\\/horizont.dfvcg-events.de\\\/digital-marketing-days\\\/#\\\/schema\\\/logo\\\/image\\\/\"},\"sameAs\":[\"https:\\\/\\\/www.facebook.com\\\/Horizont\",\"https:\\\/\\\/www.youtube.com\\\/playlist?list=PLe9KlF3kLMLneK-NGUU3-bkRK9l7p9LpR\",\"https:\\\/\\\/www.xing.com\\\/events\\\/horizont-digital-marketing-days-2019-2028382\"]}]}<\/script>\n<!-- \/ Yoast SEO plugin. -->","yoast_head_json":{"title":"Digital Marketing Days 2019 | Programm","description":"Als Teilnehmer der Digital Marketing Days 2019 erwarten Sie spannende Themen aus der Digital-Marketing-Szene. Weiter zum Programm!","robots":{"index":"index","follow":"follow","max-snippet":"max-snippet:-1","max-image-preview":"max-image-preview:large","max-video-preview":"max-video-preview:-1"},"canonical":"https:\/\/horizont.dfvcg-events.de\/digital-marketing-days\/programm-2019-anfrage\/","og_locale":"de_DE","og_type":"article","og_title":"Deutscher Medienkongress 2018 - Programm","og_description":"Als Teilnehmer des Deutschen Medienkongress 2018 erwarten Sie die wichtigsten Themen, Innovationen und Highlights der Branche.","og_url":"https:\/\/horizont.dfvcg-events.de\/digital-marketing-days\/programm-2019-anfrage\/","og_site_name":"Digital Marketing Days","article_publisher":"https:\/\/www.facebook.com\/Horizont","article_modified_time":"2019-06-19T12:36:21+00:00","twitter_card":"summary_large_image","twitter_title":"Deutscher Medienkongress 2018 - Programm","twitter_description":"Als Teilnehmer des Deutschen Medienkongress 2018 erwarten Sie die wichtigsten Themen, Innovationen und Highlights der Branche.","twitter_misc":{"Gesch\u00e4tzte Lesezeit":"5\u00a0Minuten"},"schema":{"@context":"https:\/\/schema.org","@graph":[{"@type":"WebPage","@id":"https:\/\/horizont.dfvcg-events.de\/digital-marketing-days\/programm-2019-anfrage\/","url":"https:\/\/horizont.dfvcg-events.de\/digital-marketing-days\/programm-2019-anfrage\/","name":"Digital Marketing Days 2019 | Programm","isPartOf":{"@id":"https:\/\/horizont.dfvcg-events.de\/digital-marketing-days\/#website"},"datePublished":"2018-02-09T12:52:29+00:00","dateModified":"2019-06-19T12:36:21+00:00","description":"Als Teilnehmer der Digital Marketing Days 2019 erwarten Sie spannende Themen aus der Digital-Marketing-Szene. Weiter zum Programm!","breadcrumb":{"@id":"https:\/\/horizont.dfvcg-events.de\/digital-marketing-days\/programm-2019-anfrage\/#breadcrumb"},"inLanguage":"de","potentialAction":[{"@type":"ReadAction","target":["https:\/\/horizont.dfvcg-events.de\/digital-marketing-days\/programm-2019-anfrage\/"]}]},{"@type":"BreadcrumbList","@id":"https:\/\/horizont.dfvcg-events.de\/digital-marketing-days\/programm-2019-anfrage\/#breadcrumb","itemListElement":[{"@type":"ListItem","position":1,"name":"Startseite","item":"https:\/\/horizont.dfvcg-events.de\/digital-marketing-days\/"},{"@type":"ListItem","position":2,"name":"Programm 2019 Anfrage"}]},{"@type":"WebSite","@id":"https:\/\/horizont.dfvcg-events.de\/digital-marketing-days\/#website","url":"https:\/\/horizont.dfvcg-events.de\/digital-marketing-days\/","name":"Digital Marketing Days","description":"Der j\u00e4hrliche Trend-Check f\u00fcr das Digital Marketing-und Bewegbild-Business","publisher":{"@id":"https:\/\/horizont.dfvcg-events.de\/digital-marketing-days\/#organization"},"alternateName":"Horizont & dfv Conference Group","potentialAction":[{"@type":"SearchAction","target":{"@type":"EntryPoint","urlTemplate":"https:\/\/horizont.dfvcg-events.de\/digital-marketing-days\/?s={search_term_string}"},"query-input":{"@type":"PropertyValueSpecification","valueRequired":true,"valueName":"search_term_string"}}],"inLanguage":"de"},{"@type":"Organization","@id":"https:\/\/horizont.dfvcg-events.de\/digital-marketing-days\/#organization","name":"Digital Marketing Days","url":"https:\/\/horizont.dfvcg-events.de\/digital-marketing-days\/","logo":{"@type":"ImageObject","inLanguage":"de","@id":"https:\/\/horizont.dfvcg-events.de\/digital-marketing-days\/#\/schema\/logo\/image\/","url":"https:\/\/horizont.dfvcg-events.de\/digital-marketing-days\/wp-content\/uploads\/2023\/02\/digital-marketing-days-total-video-2023-header.png","contentUrl":"https:\/\/horizont.dfvcg-events.de\/digital-marketing-days\/wp-content\/uploads\/2023\/02\/digital-marketing-days-total-video-2023-header.png","width":708,"height":325,"caption":"Digital Marketing Days"},"image":{"@id":"https:\/\/horizont.dfvcg-events.de\/digital-marketing-days\/#\/schema\/logo\/image\/"},"sameAs":["https:\/\/www.facebook.com\/Horizont","https:\/\/www.youtube.com\/playlist?list=PLe9KlF3kLMLneK-NGUU3-bkRK9l7p9LpR","https:\/\/www.xing.com\/events\/horizont-digital-marketing-days-2019-2028382"]}]}},"_links":{"self":[{"href":"https:\/\/horizont.dfvcg-events.de\/digital-marketing-days\/wp-json\/wp\/v2\/pages\/3300","targetHints":{"allow":["GET"]}}],"collection":[{"href":"https:\/\/horizont.dfvcg-events.de\/digital-marketing-days\/wp-json\/wp\/v2\/pages"}],"about":[{"href":"https:\/\/horizont.dfvcg-events.de\/digital-marketing-days\/wp-json\/wp\/v2\/types\/page"}],"author":[{"embeddable":true,"href":"https:\/\/horizont.dfvcg-events.de\/digital-marketing-days\/wp-json\/wp\/v2\/users\/1"}],"replies":[{"embeddable":true,"href":"https:\/\/horizont.dfvcg-events.de\/digital-marketing-days\/wp-json\/wp\/v2\/comments?post=3300"}],"version-history":[{"count":10,"href":"https:\/\/horizont.dfvcg-events.de\/digital-marketing-days\/wp-json\/wp\/v2\/pages\/3300\/revisions"}],"predecessor-version":[{"id":4839,"href":"https:\/\/horizont.dfvcg-events.de\/digital-marketing-days\/wp-json\/wp\/v2\/pages\/3300\/revisions\/4839"}],"wp:attachment":[{"href":"https:\/\/horizont.dfvcg-events.de\/digital-marketing-days\/wp-json\/wp\/v2\/media?parent=3300"}],"curies":[{"name":"wp","href":"https:\/\/api.w.org\/{rel}","templated":true}]}}